p. What is the highest common factor of 1 and p?
1
Suppose m = 4*o - 0*o - 12, 0 = -5*o - 4*m - 6. Suppose -5*u + 12 = 2. Calculate the greatest common divisor of u and o.
2
Let g be (-4)/(16/124) - 0. Let q = g - -43. Suppose 2 = 5*l - 13. What is the greatest common factor of q and l?
3
Let k(r) = r**3 - 8*r**2 - 6*r - 17. Let a be k(9). Calculate the highest common divisor of 8 and a.
2
Let q(u) = -u**2 + 3*u + 4. Let i be q(3). Let n = i - 1. Suppose -o + n*o = 30. What is the highest common divisor of o and 3?
3
Suppose 2*g - 69 = 25. Let x = g + -34. Suppose -5*c + 17 + x = 0. Calculate the greatest common factor of 18 and c.
6
Suppose -3*t + 40 = 6*n - 2*n, -5*t = 2*n - 90. What is the highest common divisor of 50 and t?
10
Suppose -2*s - 12 = 2*h, 2*s + 3*s + 10 = 5*h. Let t = h + 4. Let o be t/(-3)*3/(-2). What is the greatest common factor of 5 and o?
1
Let y = -47 - -50. Let o be 2322/5 + (-2)/5. Suppose -16 = 4*a, -m + 4*a + o = y*m. Calculate the greatest common divisor of 14 and m.
14
Let f be 4 + -2 + 2*3. Let o(v) = 5*v - 4. Let a be o(f). Calculate the highest common divisor of a and 4.
4
Let z = 20 + -8. Let f(a) be the first derivative of 15*a**4/4 - 4*a**3/3 + 3*a**2/2 - 2*a - 1. Let y be f(2). Calculate the greatest common divisor of y and z.
12
Let d(o) = -o + 1. Let n(b) = 10*b - 18. Let l(g) = 8*d(g) + n(g). Let k be l(8). Let u be (-9)/k + (-10)/(-4). What is the greatest common divisor of 9 and u?
1
Let j = 11 + 4. Let f = 7 - j. Let r be (12/f)/((-2)/8). What is the highest common factor of 3 and r?
3
Let s(n) = 18*n**2 + n + 1. Let y be s(2). Calculate the highest common divisor of y and 15.
15
Let k(b) = 90*b**2 - b. Let c be k(-1). Let n = 76 - 63. What is the highest common factor of c and n?
13
Let y(c) = -c. Let d be (-1)/(-2) - 21/(-6). Suppose o = -3*o + 3*s - 43, d*o + 4*s = -8. Let i be y(o). Calculate the greatest common factor of i and 7.
7
Let s(l) = -11*l - 1. Let t be s(-5). Suppose h + 5*a - 5 = 0, h - 2*h + 3*a - 3 = 0. Let k = 36 - h. What is the highest common divisor of k and t?
18
Suppose 10*p = 7*p - 57. Let h = p + 27. Calculate the highest common factor of h and 2.
2
Let u be (-47)/(-9) + 6/(-27). Let c be -1*5*(-1 + -4). What is the highest common factor of c and u?
5
Let g(a) = a**3 + 13*a**2 + 12. Let v be g(-13). Let t = -25 + 73. What is the greatest common factor of t and v?
12
Let o = -89 - -210. Calculate the greatest common factor of 11 and o.
11
Let c be 3/((3/(-50))/((-12)/10)). Let k(p) = -p**3 + 6*p**2 - 4*p + 7. Let m be k(5). What is the highest common divisor of m and c?
12
Let u be -1 + (-2 - -15 - 0). Let w = 4 + u. Calculate the highest common divisor of 176 and w.
16
Suppose 3*t + 79 = -2*l + 16, l - 26 = t. Let j(x) = -35*x. Let d be j(-1). Let o = t + d. Calculate the greatest common factor of o and 96.
12
Suppose 601 = 4*o + 5*m, 2*m + 1 = -5. Let s(b) = b**3 + 6*b**2 + 8*b + 3. Let a be s(-5). Let k be 7/3*a/(-2). What is the greatest common divisor of o and k?
14
Let y(p) = 1. Let z(v) = 9*v - 3. Let w(u) = -4*y(u) - z(u). Let g be 0 + 6*(-3)/6. Let k be w(g). What is the greatest common divisor of k and 65?
13
Let b(k) = 3*k - 17. Let q be b(14). What is the greatest common divisor of q and 10?
5
Suppose -u = 2*i + 6 - 4, 0 = -5*i - 20. Suppose -p = -4*p + u. What is the highest common factor of 14 and p?
2
Let x = -66 - -81. Calculate the greatest common factor of x and 5.
5
Suppose -105 + 27 = -3*t. What is the highest common divisor of t and 26?
26
Let d(x) = 2*x**2 - 3*x - 1. Suppose -3*s + 0*s - 108 = 0. Let c be s/10 - 6/(-10). Let g be d(c). What is the highest common divisor of g and 13?
13
Let z(c) = -c + 55. Let t be z(0). Let x = -2 - -5. Let w(i) = 2*i**2 - 2*i - 1. Let d be w(x). Calculate the greatest common factor of d and t.
11
Let v(s) = 29*s**3 + 2*s**2 - 1. Let d be v(1). Let j be ((-5)/(-15))/(2/d). What is the highest common divisor of 45 and j?
5
Suppose s - 5 = 78. Let c be -37 + ((-4)/(-6))/(6/(-9)). Let x = c + s. Calculate the highest common factor of x and 5.
5
Suppose k + 143 = b + b, -5*k = -5*b + 365. What is the greatest common factor of b and 105?
35
Suppose -2*m = -97 - 137. What is the highest common divisor of 13 and m?
13
Let c = 15 - 3. Let s(p) = 6*p. Let y be s(3). Calculate the greatest common divisor of c and y.
6
Let z(u) = u**3 + 5*u**2 + 2*u + 2. Let q be z(-4). Suppose -3*h + 7*h = 320. Calculate the highest common factor of q and h.
10
Let g be (5 - 7)/((-2)/3). Calculate the highest common divisor of 1 and g.
1
Let w(c) = 27*c**3 - c**2 + c. Let g be w(1). Suppose 0 = -2*p + 9 - 1, -2*f - 5*p + 26 = 0. Calculate the highest common factor of g and f.
3
Let x = -19 + 27. Let s be (-579)/(-8) + (-102)/272. Calculate the greatest common factor of s and x.
8
Suppose 0 = -2*o + 4 + 6. Suppose -o*j = -30 - 30. What is the highest common factor of 6 and j?
6
Suppose -3*a = a - 20. Let l be 2*(-1)/4*-4. Suppose -4*n + 2*u + 2*u + 48 = 0, l*n - 4*u = 18. What is the greatest common factor of n and a?
5
Suppose 2*z = -4*z + 576. Calculate the greatest common factor of z and 32.
32
Let q(u) = -1 + 3*u**2 + 5 - 2 - u**2. Let y be q(3). Calculate the greatest common divisor of 4 and y.
4
Suppose 5*p = 20, -m + 22 - 2 = 5*p. Suppose 0 = -m*t - t + 6. Calculate the highest common factor of t and 66.
6
Suppose -8*i = -17*i + 270. Calculate the greatest common factor of i and 70.
10
Suppose -4*j - 5*w = -0*j - 80, 4*w = 16. Suppose 4*c - 2*x - 123 = 65, c + x = 41. What is the greatest common factor of j and c?
15
Let i(o) = -o**2 - 9*o. Let y be i(-7). Let g be (4/3)/((-2658)/(-882) - 3). What is the greatest common factor of g and y?
14
Let z(j) be the second derivative of -j**3/2 + 5*j**2/2 - j. Let u be z(-9). What is the greatest common factor of 4 and u?
4
Let j be (56/49)/(2/7). What is the highest common divisor of 8 and j?
4
Suppose 10 = -5*v - 5. Let l = -1 - v. Suppose -j + 11 = -7. What is the greatest common factor of l and j?
2
Suppose -2*h - 2*q = 2, q = -4*h - 2*q - 2. Let i be (h + 1)*972/8. Calculate the greatest common factor of 27 and i.
27
Let g(k) = -k**2 + 17*k - 16. Let h be g(15). What is the greatest common factor of h and 2?
2
Let t = 40 - -31. Let q = t + -16. Suppose 4*h + 11 - 55 = 0. What is the greatest common factor of h and q?
11
Suppose 4*k + 0 = 28. What is the highest common factor of 35 and k?
7
Suppose -3*s + 4*s = 2. What is the highest common factor of s and 2?
2
Let z = -42 + 51. What is the highest common factor of z and 9?
9
Suppose -20 = -7*v + 3*v. Suppose -3*b + 51 = -5*t, -v*t + t - 98 = -5*b. Let f = 29 - -4. What is the highest common divisor of b and f?
11
Suppose 0 = -4*l + g + g + 22, -4*l + 5*g = -19. Suppose 105 = -3*n + l*n. What is the highest common divisor of 14 and n?
7
Suppose -7*s + 104 = -3*s. What is the greatest common factor of 52 and s?
26
Let a(k) = k**2 + 3*k - 2. Let h be a(-4). Suppose h*v + 182 = 4*v. Suppose -2*w + v = -w. What is the greatest common divisor of 13 and w?
13
Let w(q) = 15*q + 1. Let n be w(1). Suppose 3*g = 22 - 4. Suppose -g = -5*s + 4. What is the highest common divisor of n and s?
2
Let o(w) = 10*w - 3. Let z be o(3). Calculate the greatest common factor of 135 and z.
27
Suppose h = -0*h + 89. Suppose -3*p = 4*i + 68, 7*p - 3*p + h = -5*i. Let s = 25 + p. Calculate the greatest common divisor of 27 and s.
9
Suppose 10*g = 5*g + 120. What is the highest common factor of 4 and g?
4
Suppose -o = -9 - 1. Let g = 7 - 5. Let l be g/(3/30 + 0). Calculate the greatest common factor of o and l.
10
Let m = -36 - -56. Let y be 1*6 + (1 - 3). What is the greatest common divisor of m and y?
4
Suppose 3*j + 0*j = 2*d - 18, 4 = 2*j. What is the highest common divisor of d and 72?
12
Let v be 222/9 + 4/12. Suppose 3*l - l = 0. Let h be -3*(20/(-6) + l). Calculate the highest common factor of h and v.
5
Suppose -5*a = -526 + 126. Suppose 5*q = -2*w + 22, 3*q + 1 - 43 = -3*w. What is the highest common divisor of w and a?
16
Let c be (-4)/(-2) + ((-4)/1 - -2). Let f(h) = 4 - 3*h + 2*h + 7. Let d be f(c). What is the greatest common divisor of d and 88?
11
Let c(w) = 25*w + 4. Let d(a) = 51*a + 7. Let v(l) = -5*c(l) + 2*d(l). Let g be v(-6). What is the greatest 